
Let o(s) = -13*s - 5. Let m be o(-7). Suppose 0 = 4*l + 2*b - m, 3*l + 3*b - 2*b - 63 = 0. What is the units digit of l?
0
Let g = 1 + 4. Suppose q - 5*j + 46 = 5*q, -5*q - g*j + 55 = 0. Suppose -q = 3*z - 6*z. What is the units digit of z?
3
Let r = -98 - -192. What is the units digit of r?
4
Suppose u + 18 = -0*q - 5*q, 4*u - 5*q - 28 = 0. Let m be 19*(4/2 - 1). Suppose -u*s - 5 = -m. What is the units digit of s?
7
Suppose -4*u = -109 - 343. What is the hundreds digit of u?
1
Suppose -14 = d - 2*j, d + 6 = -j + 5*j. What is the units digit of -3*(-1 - d/(-6))?
4
Let j be 0 + 0 - (4 - 53). What is the units digit of j/21 + (-1)/3?
2
Suppose 0 = -i + n + 7, -i = 2*n - 5 - 5. Let h = 16 - i. What is the units digit of h?
8
Suppose -2*v = -129 + 49. What is the units digit of ((-12)/10)/((-6)/v)?
8
Let x(p) be the second derivative of p**3/6 + 3*p**2 + 3*p. Let i be x(-4). Suppose -u + 6 = i. What is the units digit of u?
4
Let h(v) = v**3 + 8*v**2 + 2*v - 8. Let j be h(-6). Let g be j/(-1 - -2) - -2. What is the units digit of ((-1)/(-2))/(3/g)?
9
Suppose 648 = 3*m + 63. What is the units digit of m?
5
Let u be (16/(-20))/((-6)/225). Let t(j) = -2*j - 3. Let o be t(-2). What is the units digit of o + 0 - u/(-5)?
7
Suppose 3*i - 5 = 7. Let j = i - -15. What is the tens digit of j?
1
Let p(v) = 13*v - 1. Let y be p(1). Let u = y - 7. Suppose 0 = u*r - r - 12. What is the units digit of r?
3
Suppose 3*z - 86 - 168 = 4*g, -5*z - 4*g + 434 = 0. What is the tens digit of z?
8
Let i = -2 - -1. Let g be ((-2)/2)/i - 4. Let n = g - -8. What is the units digit of n?
5
Let n(k) = k**3 - k**2 - 5*k + 4. Let z(w) be the second derivative of w**4/12 - w**3/3 + 3*w**2/2 - w. Let c be z(2). What is the units digit of n(c)?
7
Suppose -4*x = -5*z + 324, 0*z - x = 3*z - 191. What is the units digit of z?
4
Let b be (-16)/7 + 4/14. Let i(z) = -z + 10. Let u be i(7). Let d = b + u. What is the units digit of d?
1
Let u be (3 - -5)*79*1. What is the units digit of (-1)/(-5) + u/40?
6
Let h = 43 - 11. What is the tens digit of h?
3
Suppose 6 = -10*i + 12*i. Suppose d = -i*d + 132. What is the units digit of d?
3
Suppose 0 = -4*c - n - 3, 2*c + n + 3*n = -12. Suppose -4*g + 221 = 3*q, c*g + g + 5*q = 68. Let p = g + -36. What is the tens digit of p?
1
Let g(a) = 3*a**3 - 5*a**2 - 3*a - 1. What is the hundreds digit of g(5)?
2
What is the tens digit of 248/12 + 1/3?
2
Let u be (1 + 2/(-4))*-16. Let o be ((-119)/21)/((-2)/(-6)). Let y = u - o. What is the units digit of y?
9
Suppose -9 = -z - 2. Suppose 2*a = 13 + z. What is the tens digit of a?
1
Suppose 4*b - 4 = -0*b. Let m be (1 - 8) + b + 0. What is the units digit of (-4 + -1)/(3/m)?
0
Let k be (-4)/18 - (-264)/(-27). Let z = 14 + k. Let m = 13 - z. What is the units digit of m?
9
Suppose -28 = -5*a - 3. Suppose z = -2*z + 33. Let t = z - a. What is the units digit of t?
6
Let z be 4/8 + 11/(-2). Let l(d) = d**2 + 5*d + 2. Let j be l(z). Suppose 5*o = -5*v + 45, -j = -4*o - 6. What is the tens digit of v?
1
Let c = 11 + -3. What is the units digit of c?
8
Suppose -4*r + 336 = r - 4*m, 5*r = -2*m + 342. What is the tens digit of r?
6
Let l(h) = 11*h**2 + 5*h - 11. What is the units digit of l(-5)?
9
Let m(z) = z**3 - 25*z**2 - 19*z + 29. What is the units digit of m(26)?
1
Let h = -6 - -4. Let f be ((-13)/h)/((-2)/4). Let s = f - -18. What is the units digit of s?
5
Let u(p) = 14*p**2 - 4*p**2 + p**3 - 2*p + 1 + p. What is the units digit of u(-10)?
1
Let x(m) = -m**2 - 8*m - 1. What is the units digit of x(-6)?
1
Let m(w) = w - 1. Let p be m(-1). Let s(q) = -2 - 6*q**3 + 3 - 2*q**2 + 5*q**3. What is the units digit of s(p)?
1
Let c(d) = 3*d**2 - 2*d - 2. Suppose 1 = 4*j - 11. Suppose 3*l + 10 = -m, 4*l + 10 = -0*m - j*m. What is the units digit of c(m)?
6
Suppose 17 = o - 3*m, -6*m + 2*m = 3*o - 64. What is the tens digit of o?
2
Let z = -26 + 50. What is the units digit of z?
4
Let r(v) = v**3 - v**2 - v + 10. Suppose o - 4*o = -6. Suppose 0 = -o*w + 5*w. What is the units digit of r(w)?
0
Let n = 2 + 1. Suppose -5*u = -2 - n. What is the units digit of 1 - u - -1*8?
8
Suppose 2*i + 5*q - 78 = 2*q, 0 = -5*q - 10. Suppose -73 = -2*m - 2*m + f, 0 = 3*m - 5*f - i. What is the tens digit of m?
1
Suppose -5*d + 10*d = 30. What is the tens digit of (117/d)/1*2?
3
Let h(t) = 9*t**2 - t**3 + 3 + 1 + 1. Let g be h(9). Suppose -g*w + 12 + 7 = 2*i, -4*i + 4*w = -24. What is the units digit of i?
7
Let s = 174 + -98. What is the tens digit of s?
7
Suppose -w = 5*z - 432, -4*z + 429 = z + 2*w. Suppose -4*a - 7 = -z. Suppose a = -0*t + 4*t. What is the units digit of t?
5
Let o(q) = -q + 17. Let n be o(9). Suppose 3*r + 13 = -n. Let g = r - -9. What is the units digit of g?
2
Suppose 4*s = 2*n + 3*n + 28, -4*s - 12 = 5*n. Let q(l) = 2*l**2 - 3*l + 3. Let i be q(2). Let k = s + i. What is the units digit of k?
7
Let c(n) be the second derivative of n**4/12 - 4*n**3/3 - 3*n**2 - 3*n. Let t be c(9). Let o = t - 1. What is the units digit of o?
2
Let v be (3 + -5)/((-2)/4). Suppose 5*k - 1 - v = 0. Suppose -5*x - k - 12 = -3*q, -4*q + 56 = 3*x. What is the tens digit of q?
1
Suppose -2*l = 0, 2*k = -0*k + 4*l + 4. Suppose 13 = k*d - 19. What is the tens digit of d?
1
Suppose 0 = -7*g + 4*g. Let v(i) = 9 + 8*i**2 - i**3 + g + 1. What is the units digit of v(8)?
0
Suppose 3*h = 3*s - 6, 2*s + 4*h - 6 = -s. Suppose -25 = -s*u + 61. What is the units digit of u?
3
Let n(t) = -t**3 + 2*t**2 + 3*t - 2. Let k be n(3). Let y be (k/8)/(3/(-36)). Suppose y*c = -2 + 8. What is the units digit of c?
2
Let p be (-11)/(-9) + 4/(-18). Let i be p + -1 + -7 + -3. Let j = 15 + i. What is the units digit of j?
5
Let a(h) = h**2 - 3*h - 4. What is the units digit of a(5)?
6
Suppose 8 = 2*a - 0. Suppose -a*b = b - 95. What is the units digit of b?
9
Let x = -18 - -28. Suppose -5*z + 10 = -x. Suppose -3*c - 4*r = -0*r - 37, -4*r = z*c - 44. What is the units digit of c?
7
What is the hundreds digit of (-5)/30 - (-2594)/12?
2
Suppose -10 = -5*a + 35. What is the units digit of a?
9
Let l(k) = -k**2 - 9*k + 7. Suppose 0 = -4*j + 8*j + 80. Let w = j + 12. What is the tens digit of l(w)?
1
Suppose 8*n - 68 = 4*n. Suppose 0 = -4*f + n + 19. What is the units digit of f?
9
Let o be 11/3 - 5/(-15). Suppose -t + 14 = -o. What is the units digit of t?
8
Let b = 3 + -5. What is the units digit of 79/2 - 3/b?
1
Let i(u) be the second derivative of u**4/3 - u**3/6 - u**2/2 - 17*u. Suppose 4*p - 2 = 5*p. What is the units digit of i(p)?
7
Suppose 0 = -t - 2*t - 48. Let b = 24 + t. What is the units digit of b?
8
Let r be 3/3 + -2 - -1. Suppose 3*s + 12 = -r*s, -x - 5*s - 16 = 0. Suppose x + 9 = h. What is the units digit of h?
3
Suppose 0*a = -a + 39. Let y = a + -20. What is the tens digit of y?
1
Let n(h) = -h**3 + 0*h + 9*h + 2*h**2 + 8 + 5*h**2. Let y be n(8). Suppose 3*m - 52 = -y. What is the tens digit of m?
1
Let g = -13 + 17. Let l = -7 + 11. What is the units digit of (2/l)/(g/24)?
3
Suppose -w - 14 = -3. What is the units digit of 4/(-8)*(w + -1)?
6
Let i be (-11 - -1)*(-3)/2. Let b = 7 - i. Let r(w) = w**3 + 9*w**2 + 6*w - 11. What is the units digit of r(b)?
5
Let u(a) = 4*a**3 + a**2 - 2*a. Let o be u(2). Suppose 3*b + v = 11, 3*v = -3*b + 17 + 4. Suppose -b*c = -o + 2. What is the tens digit of c?
1
Let c(x) = 1 - 1 - 19*x**3 + 1. Let l be c(-1). Suppose -18 = -2*s - 2*d, -5*s + 3*d + 1 + l = 0. What is the units digit of s?
6
Let a(i) = i**3 + 4*i**2 - 5*i + 2. Let y(q) = -q**2 + 7*q - 2. Let w be y(5). Suppose -w = 2*u + 2. What is the units digit of a(u)?
2
Suppose -10*o = -12*o. What is the units digit of o + 3 + -3 - -26?
6
Let t(b) = b**3 + 7*b**2 + 4*b - 8. Let n be t(-6). Suppose n*f = 37 + 79. Let l = f - 20. What is the units digit of l?
9
Suppose 2*s = -s - x - 9, 5*x - 31 = 4*s. Let i(o) = -2*o**3 - 6*o**2 - o + 5. What is the tens digit of i(s)?
4
Suppose 0*v - 5*v - 2*m + 156 = 0, 4*m = -v + 24. What is the units digit of v?
2
Let f = 273 + -172. What is the tens digit of f?
0
Let u(v) = v**2 + v - 6. Let r be u(-3). Suppose r - 10 = -5*b. What is the units digit of b?
2
What is the hundreds digit of (-1)/(2/(-435))*12/9?
2
Let z(q) = q + 8. Let l be z(0). Let h = -5 + l. What is the units digit of h?
3
Let f = -55 - -37. Let i b